{"id":337,"date":"2019-05-12T18:57:39","date_gmt":"2019-05-12T16:57:39","guid":{"rendered":"https:\/\/www.dlb-aoer.de\/dreieich\/?page_id=337"},"modified":"2022-08-05T10:35:55","modified_gmt":"2022-08-05T08:35:55","slug":"ausbildung-und-stellenangebote","status":"publish","type":"page","link":"https:\/\/dlb-aoer.de\/dreieich\/ueber-den-dlb\/ausbildung-und-stellenangebote\/","title":{"rendered":"Ausbildung und Stellenangebote"},"content":{"rendered":"\t\t<div data-elementor-type=\"wp-post\" data-elementor-id=\"337\" class=\"elementor elementor-337\">\n\t\t\t\t\t\t\t\t\t<section class=\"elementor-section elementor-top-section elementor-element elementor-element-72e1818 elementor-section-stretched elementor-section-boxed elementor-section-height-default elementor-section-height-default\" data-id=\"72e1818\" data-element_type=\"section\" data-settings=\"{&quot;stretch_section&quot;:&quot;section-stretched&quot;}\">\n\t\t\t\t\t\t<div class=\"elementor-container elementor-column-gap-default\">\n\t\t\t\t\t<div class=\"elementor-column elementor-col-100 elementor-top-column elementor-element elementor-element-8365f33\" data-id=\"8365f33\" data-element_type=\"column\">\n\t\t\t<div class=\"elementor-widget-wrap elementor-element-populated\">\n\t\t\t\t\t\t\t\t<section class=\"elementor-section elementor-inner-section elementor-element elementor-element-20845cf elementor-section-boxed elementor-section-height-default elementor-section-height-default\" data-id=\"20845cf\" data-element_type=\"section\">\n\t\t\t\t\t\t<div class=\"elementor-container elementor-column-gap-default\">\n\t\t\t\t\t<div class=\"elementor-column elementor-col-100 elementor-inner-column elementor-element elementor-element-2277456\" data-id=\"2277456\" data-element_type=\"column\">\n\t\t\t<div class=\"elementor-widget-wrap elementor-element-populated\">\n\t\t\t\t\t\t\t\t<div class=\"elementor-element elementor-element-0abaaff elementor-widget elementor-widget-html\" data-id=\"0abaaff\" data-element_type=\"widget\" data-widget_type=\"html.default\">\n\t\t\t\t<div class=\"elementor-widget-container\">\n\t\t\t\t\t<div data-elementor-type=\"wp-post\" data-elementor-id=\"337\" class=\"elementor elementor-337\">\n\t\t\t\t\t\t\t\t\t<section class=\"elementor-section elementor-top-section elementor-element elementor-element-d0ff7bd elementor-section-stretched elementor-section-boxed elementor-section-height-default elementor-section-height-default\" data-id=\"d0ff7bd\" data-element_type=\"section\" data-settings=\"{&quot;stretch_section&quot;:&quot;section-stretched&quot;}\">\n\t\t\t\t\t\t<div class=\"elementor-container elementor-column-gap-default\">\n\t\t\t\t\t<div class=\"elementor-column elementor-col-100 elementor-top-column elementor-element elementor-element-396683c\" data-id=\"396683c\" data-element_type=\"column\">\n\t\t\t<div class=\"elementor-widget-wrap elementor-element-populated\">\n\t\t\t\t\t\t\t\t<section class=\"elementor-section elementor-inner-section elementor-element elementor-element-17b3f1f elementor-section-full_width border-plus-margin content-column elementor-section-height-default elementor-section-height-default\" data-id=\"17b3f1f\" data-element_type=\"section\">\n\t\t\t\t\t\t<div class=\"elementor-container elementor-column-gap-default\">\n\t\t\t\t\t<div class=\"elementor-column elementor-col-50 elementor-inner-column elementor-element elementor-element-13f443a img-column\" data-id=\"13f443a\" data-element_type=\"column\">\n\t\t\t<div class=\"elementor-widget-wrap elementor-element-populated\">\n\t\t\t\t\t\t\t\t<div class=\"elementor-element elementor-element-03ea379 elementor-widget elementor-widget-image\" data-id=\"03ea379\" data-element_type=\"widget\" data-widget_type=\"image.default\">\n\t\t\t\t<div class=\"elementor-widget-container\">\n\t\t\t\t\t\t\t\t\t\t\t\t\t\t\t<img loading=\"lazy\" decoding=\"async\" width=\"830\" height=\"314\" src=\"https:\/\/dlb-aoer.de\/dreieich\/wp-content\/uploads\/sites\/2\/2021\/05\/Gew\u00e4chshaus-830x314.jpg\" class=\"attachment-sydney-large-thumb size-sydney-large-thumb wp-image-1936\" alt=\"Gew\u00e4chshaus - ein Blick in das DLB Gew\u00e4chshaus\" srcset=\"https:\/\/dlb-aoer.de\/dreieich\/wp-content\/uploads\/sites\/2\/2021\/05\/Gew\u00e4chshaus-830x314.jpg 830w, https:\/\/dlb-aoer.de\/dreieich\/wp-content\/uploads\/sites\/2\/2021\/05\/Gew\u00e4chshaus-300x113.jpg 300w, https:\/\/dlb-aoer.de\/dreieich\/wp-content\/uploads\/sites\/2\/2021\/05\/Gew\u00e4chshaus-1024x387.jpg 1024w, https:\/\/dlb-aoer.de\/dreieich\/wp-content\/uploads\/sites\/2\/2021\/05\/Gew\u00e4chshaus-768x290.jpg 768w, https:\/\/dlb-aoer.de\/dreieich\/wp-content\/uploads\/sites\/2\/2021\/05\/Gew\u00e4chshaus-1536x580.jpg 1536w, https:\/\/dlb-aoer.de\/dreieich\/wp-content\/uploads\/sites\/2\/2021\/05\/Gew\u00e4chshaus-2048x774.jpg 2048w, https:\/\/dlb-aoer.de\/dreieich\/wp-content\/uploads\/sites\/2\/2021\/05\/Gew\u00e4chshaus-230x87.jpg 230w, https:\/\/dlb-aoer.de\/dreieich\/wp-content\/uploads\/sites\/2\/2021\/05\/Gew\u00e4chshaus-350x132.jpg 350w, https:\/\/dlb-aoer.de\/dreieich\/wp-content\/uploads\/sites\/2\/2021\/05\/Gew\u00e4chshaus-480x181.jpg 480w\" sizes=\"auto, (max-width: 830px) 100vw, 830px\" \/>\t\t\t\t\t\t\t\t\t\t\t\t\t\t\t<\/div>\n\t\t\t\t<\/div>\n\t\t\t\t\t<\/div>\n\t\t<\/div>\n\t\t\t\t<div class=\"elementor-column elementor-col-50 elementor-inner-column elementor-element elementor-element-df56b3b ap-column\" data-id=\"df56b3b\" data-element_type=\"column\">\n\t\t\t<div class=\"elementor-widget-wrap elementor-element-populated\">\n\t\t\t\t\t\t\t\t<div class=\"elementor-element elementor-element-486ad32 elementor-widget elementor-widget-text-editor\" data-id=\"486ad32\" data-element_type=\"widget\" data-widget_type=\"text-editor.default\">\n\t\t\t\t<div class=\"elementor-widget-container\">\n\t\t\t\t\t\t\t<p>Ansprechpartner:<\/p><p>Personalabteilung<br \/>Tel. 06102 \/ 3702-212<\/p><p><a href=\"mailto:personalabteilung@dlb-aoer.de\"><img loading=\"lazy\" decoding=\"async\" class=\"alignnone wp-image-2828\" src=\"https:\/\/dlb-aoer.de\/dreieich\/wp-content\/uploads\/sites\/4\/2022\/08\/Email3.png\" alt=\"E-Mail schreiben\" width=\"45\" height=\"37\" srcset=\"https:\/\/dlb-aoer.de\/dreieich\/wp-content\/uploads\/sites\/4\/2022\/08\/Email3.png 288w, https:\/\/dlb-aoer.de\/dreieich\/wp-content\/uploads\/sites\/4\/2022\/08\/Email3-230x190.png 230w\" sizes=\"auto, (max-width: 45px) 100vw, 45px\" \/><\/a>\u00a0<\/p>\t\t\t\t\t\t<\/div>\n\t\t\t\t<\/div>\n\t\t\t\t\t<\/div>\n\t\t<\/div>\n\t\t\t\t\t\t\t<\/div>\n\t\t<\/section>\n\t\t\t\t<section class=\"elementor-section elementor-inner-section elementor-element elementor-element-41f6343 border-plus-margin content-column elementor-section-boxed elementor-section-height-default elementor-section-height-default\" data-id=\"41f6343\" data-element_type=\"section\">\n\t\t\t\t\t\t<div class=\"elementor-container elementor-column-gap-default\">\n\t\t\t\t\t<div class=\"elementor-column elementor-col-100 elementor-inner-column elementor-element elementor-element-c37b3b9\" data-id=\"c37b3b9\" data-element_type=\"column\">\n\t\t\t<div class=\"elementor-widget-wrap elementor-element-populated\">\n\t\t\t\t\t\t\t\t<div class=\"elementor-element elementor-element-0757c41 elementor-widget elementor-widget-heading\" data-id=\"0757c41\" data-element_type=\"widget\" data-widget_type=\"heading.default\">\n\t\t\t\t<div class=\"elementor-widget-container\">\n\t\t\t<h2 class=\"elementor-heading-title elementor-size-default\">Stellenangebote<\/h2>\t\t<\/div>\n\t\t\t\t<\/div>\n\t\t\t\t<div class=\"elementor-element elementor-element-892dd57 elementor-widget elementor-widget-text-editor\" data-id=\"892dd57\" data-element_type=\"widget\" data-widget_type=\"text-editor.default\">\n\t\t\t\t<div class=\"elementor-widget-container\">\n\t\t\t\t\t\t\t<p>Die Dienstleistungsbetrieb Dreieich und Neu-Isenburg A\u00f6R ist eine kommunale Anstalt des \u00f6ffentlichen Rechts. Wir sind mit rund 230 Besch\u00e4ftigten zust\u00e4ndig f\u00fcr die Bereiche Abfallwirtschaft, Gr\u00fcnpflege, Sportst\u00e4ttenunterhaltung, Stra\u00dfenbau, Stra\u00dfenreinigung und Stadtentw\u00e4sserung in den St\u00e4dten Dreieich und Neu-Isenburg.<\/p><p>Sie suchen einen krisensicheren Arbeitsplatz in einem super Team? Dann freuen wir uns \u00fcber Ihre Bewerbung.<\/p><p>Derzeit sind keine freien Stellen verf\u00fcgbar.<\/p>\t\t\t\t\t\t<\/div>\n\t\t\t\t<\/div>\n\t\t\t\t<div class=\"elementor-element elementor-element-8b867ab elementor-widget elementor-widget-text-editor\" data-id=\"8b867ab\" data-element_type=\"widget\" data-widget_type=\"text-editor.default\">\n\t\t\t\t<div class=\"elementor-widget-container\">\n\t\t\t\t\t\t\t<div>\u00a0<\/div><p>F\u00fcr n\u00e4here Informationen steht Ihnen unsere Personalabteilung zur Verf\u00fcgung. Bitte haben Sie Verst\u00e4ndnis daf\u00fcr, dass nur Bewerbungsschreiben beantwortet werden, die aufgrund einer aktuellen Stellenausschreibung an uns gerichtet werden. Ansprechpartner: Personalabteilung, <a href=\"mailto:personalabteilung@dlb-aoer.de\">E-Mail<\/a>, Tel. 06102 \/ 3702-210<\/p>\t\t\t\t\t\t<\/div>\n\t\t\t\t<\/div>\n\t\t\t\t\t<\/div>\n\t\t<\/div>\n\t\t\t\t\t\t\t<\/div>\n\t\t<\/section>\n\t\t\t\t<section class=\"elementor-section elementor-inner-section elementor-element elementor-element-6e88d44 border-plus-margin content-column elementor-section-boxed elementor-section-height-default elementor-section-height-default\" data-id=\"6e88d44\" data-element_type=\"section\">\n\t\t\t\t\t\t<div class=\"elementor-container elementor-column-gap-default\">\n\t\t\t\t\t<div class=\"elementor-column elementor-col-50 elementor-inner-column elementor-element elementor-element-852faca\" data-id=\"852faca\" data-element_type=\"column\">\n\t\t\t<div class=\"elementor-widget-wrap elementor-element-populated\">\n\t\t\t\t\t\t\t\t<div class=\"elementor-element elementor-element-3f395ae elementor-widget elementor-widget-heading\" data-id=\"3f395ae\" data-element_type=\"widget\" data-widget_type=\"heading.default\">\n\t\t\t\t<div class=\"elementor-widget-container\">\n\t\t\t<h2 class=\"elementor-heading-title elementor-size-default\">Ausbildung<\/h2>\t\t<\/div>\n\t\t\t\t<\/div>\n\t\t\t\t<div class=\"elementor-element elementor-element-a6ef1bb elementor-widget elementor-widget-text-editor\" data-id=\"a6ef1bb\" data-element_type=\"widget\" data-widget_type=\"text-editor.default\">\n\t\t\t\t<div class=\"elementor-widget-container\">\n\t\t\t\t\t\t\t<p>Ein wichtiges Anliegen ist dem DLB die Ausbildung junger Menschen. Ausbildungspl\u00e4tze werden f\u00fcr die Bereiche&nbsp; Zierpflanzenbau und Kaufleute f\u00fcr B\u00fcromanagement angeboten.<\/p>\n<p>Vor dem Anstreben einer entsprechenden Ausbildung empfehlen wir die Absolvierung eines Praktikums in unserem Betrieb. Selbstverst\u00e4ndlich nehmen wir im Rahmen freier Kapazit\u00e4ten auch Schulpraktikanten an.&nbsp;<span style=\"background-color: transparent;\">F\u00fcr n\u00e4here Informationen stehen Ihnen die oben genannten Ansprechpartner zur Verf\u00fcgung.<\/span><\/p>\n<p>Derzeit sind keine freien Stellen verf\u00fcgbar.<\/p>\n<p><\/p>\n<p><span style=\"background-color: transparent;\">&nbsp;<\/span><\/p>\n<p><span style=\"background-color: transparent;\">&nbsp;<\/span><\/p>\n<p><span style=\"background-color: transparent;\">&nbsp;<\/span><\/p>\t\t\t\t\t\t<\/div>\n\t\t\t\t<\/div>\n\t\t\t\t\t<\/div>\n\t\t<\/div>\n\t\t\t\t<div class=\"elementor-column elementor-col-50 elementor-inner-column elementor-element elementor-element-a6bef28\" data-id=\"a6bef28\" data-element_type=\"column\">\n\t\t\t<div class=\"elementor-widget-wrap elementor-element-populated\">\n\t\t\t\t\t\t\t\t<div class=\"elementor-element elementor-element-9c63df3 elementor-widget elementor-widget-image\" data-id=\"9c63df3\" data-element_type=\"widget\" data-widget_type=\"image.default\">\n\t\t\t\t<div class=\"elementor-widget-container\">\n\t\t\t\t\t\t\t\t\t\t\t\t\t\t\t\t<a href=\"https:\/\/dlb-aoer.de\/neu-isenburg\/wp-content\/uploads\/sites\/2\/2024\/03\/DLB-Wir-bilden-aus-scaled.jpg\" data-elementor-open-lightbox=\"yes\" data-elementor-lightbox-title=\"DLB Wir bilden aus\" data-e-action-hash=\"#elementor-action%3Aaction%3Dlightbox%26settings%3DeyJpZCI6NDU3NSwidXJsIjoiaHR0cHM6XC9cL2RsYi1hb2VyLmRlXC9kcmVpZWljaFwvd3AtY29udGVudFwvdXBsb2Fkc1wvc2l0ZXNcLzJcLzIwMjRcLzAzXC9ETEItV2lyLWJpbGRlbi1hdXMtc2NhbGVkLmpwZyJ9\">\n\t\t\t\t\t\t\t<img loading=\"lazy\" decoding=\"async\" width=\"687\" height=\"1024\" src=\"https:\/\/dlb-aoer.de\/dreieich\/wp-content\/uploads\/sites\/2\/2024\/03\/DLB-Wir-bilden-aus-687x1024.jpg\" class=\"attachment-large size-large wp-image-4575\" alt=\"Bild einer Auszubildenden im Gew\u00e4chshaus zwischen Gr\u00fcnpflanzen. Darunter folgender Text: \u2026die Jugend von heute die Zukunft von morgen ist. Wir sind stolz darauf, unseren Beitrag f\u00fcr eine gr\u00fcne und lebenswerte Stadt zu leisten. Die Ausbildung junger Menschen ist uns ein wichtiges Anliegen. Mit Leidenschaft und Freude vermitteln wir unser Wissen an die n\u00e4chste Generation, um sie f\u00fcr die Zukunft zu st\u00e4rken. Unsere Auszubildenden von heute sind unsere Fachkr\u00e4fte von morgen. Wir stehen f\u00fcr eine \u00f6kologische und naturnahe Gestaltung der st\u00e4dtischen Gr\u00fcnanlagen. Damit leisten wir einen gro\u00dfen Beitrag zum Klimaschutz in unserer Heimat und f\u00fcr eine lebenswerte Stadt. Unsere Auszubildenden werden zu qualifizierten Fachkr\u00e4ften ausgebildet, die diese Ideale vermittelt bekommen und damit in der Zukunft ihren Beitrag zu Umwelt- und Klimaschutz beitragen k\u00f6nnen. Sei ein Teil davon und gestalte Deine Stadt mit uns gemeinsam!\" srcset=\"https:\/\/dlb-aoer.de\/dreieich\/wp-content\/uploads\/sites\/2\/2024\/03\/DLB-Wir-bilden-aus-687x1024.jpg 687w, https:\/\/dlb-aoer.de\/dreieich\/wp-content\/uploads\/sites\/2\/2024\/03\/DLB-Wir-bilden-aus-201x300.jpg 201w, https:\/\/dlb-aoer.de\/dreieich\/wp-content\/uploads\/sites\/2\/2024\/03\/DLB-Wir-bilden-aus-768x1144.jpg 768w, https:\/\/dlb-aoer.de\/dreieich\/wp-content\/uploads\/sites\/2\/2024\/03\/DLB-Wir-bilden-aus-1031x1536.jpg 1031w, https:\/\/dlb-aoer.de\/dreieich\/wp-content\/uploads\/sites\/2\/2024\/03\/DLB-Wir-bilden-aus-1375x2048.jpg 1375w, https:\/\/dlb-aoer.de\/dreieich\/wp-content\/uploads\/sites\/2\/2024\/03\/DLB-Wir-bilden-aus-1000x1490.jpg 1000w, https:\/\/dlb-aoer.de\/dreieich\/wp-content\/uploads\/sites\/2\/2024\/03\/DLB-Wir-bilden-aus-230x343.jpg 230w, https:\/\/dlb-aoer.de\/dreieich\/wp-content\/uploads\/sites\/2\/2024\/03\/DLB-Wir-bilden-aus-350x521.jpg 350w, https:\/\/dlb-aoer.de\/dreieich\/wp-content\/uploads\/sites\/2\/2024\/03\/DLB-Wir-bilden-aus-480x715.jpg 480w, https:\/\/dlb-aoer.de\/dreieich\/wp-content\/uploads\/sites\/2\/2024\/03\/DLB-Wir-bilden-aus-scaled.jpg 1719w\" sizes=\"auto, (max-width: 687px) 100vw, 687px\" \/>\t\t\t\t\t\t\t\t<\/a>\n\t\t\t\t\t\t\t\t\t\t\t\t\t\t\t<\/div>\n\t\t\t\t<\/div>\n\t\t\t\t\t<\/div>\n\t\t<\/div>\n\t\t\t\t\t\t\t<\/div>\n\t\t<\/section>\n\t\t\t\t<section class=\"elementor-section elementor-inner-section elementor-element elementor-element-6b57c29 border-plus-margin content-column elementor-section-boxed elementor-section-height-default elementor-section-height-default\" data-id=\"6b57c29\" data-element_type=\"section\">\n\t\t\t\t\t\t<div class=\"elementor-container elementor-column-gap-default\">\n\t\t\t\t\t<div class=\"elementor-column elementor-col-100 elementor-inner-column elementor-element elementor-element-c0938e2\" data-id=\"c0938e2\" data-element_type=\"column\">\n\t\t\t<div class=\"elementor-widget-wrap elementor-element-populated\">\n\t\t\t\t\t\t\t\t<div class=\"elementor-element elementor-element-1be9935 elementor-widget elementor-widget-heading\" data-id=\"1be9935\" data-element_type=\"widget\" data-widget_type=\"heading.default\">\n\t\t\t\t<div class=\"elementor-widget-container\">\n\t\t\t<h3 class=\"elementor-heading-title elementor-size-default\">Praktikumsstellen<\/h3>\t\t<\/div>\n\t\t\t\t<\/div>\n\t\t\t\t<div class=\"elementor-element elementor-element-5ac5d14 elementor-widget elementor-widget-text-editor\" data-id=\"5ac5d14\" data-element_type=\"widget\" data-widget_type=\"text-editor.default\">\n\t\t\t\t<div class=\"elementor-widget-container\">\n\t\t\t\t\t\t\t<p>Zum Hineinschnuppern in unseren Ausbildungsberuf, bieten wir Praktikumspl\u00e4tze im Bereich Zierpflanzenbau an. Bei Interesse schicken Sie uns eine Bewerbung mit Lebenslauf und Angabe des gew\u00fcnschten Zeitraums und der Art des Praktikums. (Sch\u00fclerpraktikum\/freiwilliges Praktikum, etc.) Die Bewerbung senden Sie bitte per E-Mail an unsere <a href=\"mailto:personalabteilung@dlb-aoer.de\">Personalabteilung<\/a>.<\/p>\t\t\t\t\t\t<\/div>\n\t\t\t\t<\/div>\n\t\t\t\t\t<\/div>\n\t\t<\/div>\n\t\t\t\t\t\t\t<\/div>\n\t\t<\/section>\n\t\t\t\t\t<\/div>\n\t\t<\/div>\n\t\t\t\t\t\t\t<\/div>\n\t\t<\/section>\n\t\t\t\t\t\t\t<\/div>\n\t\t\t\t<\/div>\n\t\t\t\t<\/div>\n\t\t\t\t\t<\/div>\n\t\t<\/div>\n\t\t\t\t\t\t\t<\/div>\n\t\t<\/section>\n\t\t\t\t\t<\/div>\n\t\t<\/div>\n\t\t\t\t\t\t\t<\/div>\n\t\t<\/section>\n\t\t\t\t\t\t\t<\/div>\n\t\t","protected":false},"excerpt":{"rendered":"<p>Ein wichtiges Anliegen ist dem DLB die Ausbildung junger Menschen. Ausbildungspl\u00e4tze werden f\u00fcr die Bereiche  Zierpflanzenbau und B\u00fcrokaufmann\/frau angeboten.<\/p>\n","protected":false},"author":2,"featured_media":2941,"parent":21,"menu_order":3,"comment_status":"closed","ping_status":"closed","template":"","meta":{"inline_featured_image":false,"footnotes":"","_links_to":"","_links_to_target":""},"class_list":["post-337","page","type-page","status-publish","has-post-thumbnail","hentry"],"yoast_head":"<!-- This site is optimized with the Yoast SEO plugin v21.6 - https:\/\/yoast.com\/wordpress\/plugins\/seo\/ -->\n<title>Ausbildung und Stellenangebote - DLB Dreieich<\/title>\n<meta name=\"robots\" content=\"index, follow, max-snippet:-1, max-image-preview:large, max-video-preview:-1\" \/>\n<link rel=\"canonical\" href=\"https:\/\/dlb-aoer.de\/dreieich\/ueber-den-dlb\/ausbildung-und-stellenangebote\/\" \/>\n<meta property=\"og:locale\" content=\"de_DE\" \/>\n<meta property=\"og:type\" content=\"article\" \/>\n<meta property=\"og:title\" content=\"Ausbildung und Stellenangebote - DLB Dreieich\" \/>\n<meta property=\"og:description\" content=\"Ein wichtiges Anliegen ist dem DLB die Ausbildung junger Menschen. Ausbildungspl\u00e4tze werden f\u00fcr die Bereiche Zierpflanzenbau und B\u00fcrokaufmann\/frau angeboten.\" \/>\n<meta property=\"og:url\" content=\"https:\/\/dlb-aoer.de\/dreieich\/ueber-den-dlb\/ausbildung-und-stellenangebote\/\" \/>\n<meta property=\"og:site_name\" content=\"DLB Dreieich\" \/>\n<meta property=\"article:modified_time\" content=\"2022-08-05T08:35:55+00:00\" \/>\n<meta property=\"og:image\" content=\"https:\/\/dlb-aoer.de\/dreieich\/wp-content\/uploads\/sites\/4\/2022\/08\/Ausbildung-Stellenangebote.jpg\" \/>\n\t<meta property=\"og:image:width\" content=\"1920\" \/>\n\t<meta property=\"og:image:height\" content=\"1308\" \/>\n\t<meta property=\"og:image:type\" content=\"image\/jpeg\" \/>\n<meta name=\"twitter:card\" content=\"summary_large_image\" \/>\n<script type=\"application\/ld+json\" class=\"yoast-schema-graph\">{\"@context\":\"https:\/\/schema.org\",\"@graph\":[{\"@type\":\"WebPage\",\"@id\":\"https:\/\/dlb-aoer.de\/dreieich\/ueber-den-dlb\/ausbildung-und-stellenangebote\/\",\"url\":\"https:\/\/dlb-aoer.de\/dreieich\/ueber-den-dlb\/ausbildung-und-stellenangebote\/\",\"name\":\"Ausbildung und Stellenangebote - DLB Dreieich\",\"isPartOf\":{\"@id\":\"https:\/\/dlb-aoer.de\/dreieich\/#website\"},\"datePublished\":\"2019-05-12T16:57:39+00:00\",\"dateModified\":\"2022-08-05T08:35:55+00:00\",\"breadcrumb\":{\"@id\":\"https:\/\/dlb-aoer.de\/dreieich\/ueber-den-dlb\/ausbildung-und-stellenangebote\/#breadcrumb\"},\"inLanguage\":\"de\",\"potentialAction\":[{\"@type\":\"ReadAction\",\"target\":[\"https:\/\/dlb-aoer.de\/dreieich\/ueber-den-dlb\/ausbildung-und-stellenangebote\/\"]}]},{\"@type\":\"BreadcrumbList\",\"@id\":\"https:\/\/dlb-aoer.de\/dreieich\/ueber-den-dlb\/ausbildung-und-stellenangebote\/#breadcrumb\",\"itemListElement\":[{\"@type\":\"ListItem\",\"position\":1,\"name\":\"Startseite\",\"item\":\"https:\/\/dlb-aoer.de\/dreieich\/\"},{\"@type\":\"ListItem\",\"position\":2,\"name\":\"\u00dcber den DLB\",\"item\":\"https:\/\/dlb-aoer.de\/dreieich\/ueber-den-dlb\/\"},{\"@type\":\"ListItem\",\"position\":3,\"name\":\"Ausbildung und Stellenangebote\"}]},{\"@type\":\"WebSite\",\"@id\":\"https:\/\/dlb-aoer.de\/dreieich\/#website\",\"url\":\"https:\/\/dlb-aoer.de\/dreieich\/\",\"name\":\"DLB Dreieich\",\"description\":\"\",\"publisher\":{\"@id\":\"https:\/\/dlb-aoer.de\/dreieich\/#organization\"},\"potentialAction\":[{\"@type\":\"SearchAction\",\"target\":{\"@type\":\"EntryPoint\",\"urlTemplate\":\"https:\/\/dlb-aoer.de\/dreieich\/?s={search_term_string}\"},\"query-input\":\"required name=search_term_string\"}],\"inLanguage\":\"de\"},{\"@type\":\"Organization\",\"@id\":\"https:\/\/dlb-aoer.de\/dreieich\/#organization\",\"name\":\"Dienstleistungsbetrieb Dreieich und Neu-Isenburg A\u00f6R\",\"url\":\"https:\/\/dlb-aoer.de\/dreieich\/\",\"logo\":{\"@type\":\"ImageObject\",\"inLanguage\":\"de\",\"@id\":\"https:\/\/dlb-aoer.de\/dreieich\/#\/schema\/logo\/image\/\",\"url\":\"https:\/\/dlb-aoer.de\/dreieich\/wp-content\/uploads\/sites\/4\/2019\/10\/DLB_Logo_orange.svg\",\"contentUrl\":\"https:\/\/dlb-aoer.de\/dreieich\/wp-content\/uploads\/sites\/4\/2019\/10\/DLB_Logo_orange.svg\",\"width\":1,\"height\":1,\"caption\":\"Dienstleistungsbetrieb Dreieich und Neu-Isenburg A\u00f6R\"},\"image\":{\"@id\":\"https:\/\/dlb-aoer.de\/dreieich\/#\/schema\/logo\/image\/\"}}]}<\/script>\n<!-- \/ Yoast SEO plugin. -->","yoast_head_json":{"title":"Ausbildung und Stellenangebote - DLB Dreieich","robots":{"index":"index","follow":"follow","max-snippet":"max-snippet:-1","max-image-preview":"max-image-preview:large","max-video-preview":"max-video-preview:-1"},"canonical":"https:\/\/dlb-aoer.de\/dreieich\/ueber-den-dlb\/ausbildung-und-stellenangebote\/","og_locale":"de_DE","og_type":"article","og_title":"Ausbildung und Stellenangebote - DLB Dreieich","og_description":"Ein wichtiges Anliegen ist dem DLB die Ausbildung junger Menschen. Ausbildungspl\u00e4tze werden f\u00fcr die Bereiche Zierpflanzenbau und B\u00fcrokaufmann\/frau angeboten.","og_url":"https:\/\/dlb-aoer.de\/dreieich\/ueber-den-dlb\/ausbildung-und-stellenangebote\/","og_site_name":"DLB Dreieich","article_modified_time":"2022-08-05T08:35:55+00:00","og_image":[{"width":1920,"height":1308,"url":"https:\/\/dlb-aoer.de\/dreieich\/wp-content\/uploads\/sites\/4\/2022\/08\/Ausbildung-Stellenangebote.jpg","type":"image\/jpeg"}],"twitter_card":"summary_large_image","schema":{"@context":"https:\/\/schema.org","@graph":[{"@type":"WebPage","@id":"https:\/\/dlb-aoer.de\/dreieich\/ueber-den-dlb\/ausbildung-und-stellenangebote\/","url":"https:\/\/dlb-aoer.de\/dreieich\/ueber-den-dlb\/ausbildung-und-stellenangebote\/","name":"Ausbildung und Stellenangebote - DLB Dreieich","isPartOf":{"@id":"https:\/\/dlb-aoer.de\/dreieich\/#website"},"datePublished":"2019-05-12T16:57:39+00:00","dateModified":"2022-08-05T08:35:55+00:00","breadcrumb":{"@id":"https:\/\/dlb-aoer.de\/dreieich\/ueber-den-dlb\/ausbildung-und-stellenangebote\/#breadcrumb"},"inLanguage":"de","potentialAction":[{"@type":"ReadAction","target":["https:\/\/dlb-aoer.de\/dreieich\/ueber-den-dlb\/ausbildung-und-stellenangebote\/"]}]},{"@type":"BreadcrumbList","@id":"https:\/\/dlb-aoer.de\/dreieich\/ueber-den-dlb\/ausbildung-und-stellenangebote\/#breadcrumb","itemListElement":[{"@type":"ListItem","position":1,"name":"Startseite","item":"https:\/\/dlb-aoer.de\/dreieich\/"},{"@type":"ListItem","position":2,"name":"\u00dcber den DLB","item":"https:\/\/dlb-aoer.de\/dreieich\/ueber-den-dlb\/"},{"@type":"ListItem","position":3,"name":"Ausbildung und Stellenangebote"}]},{"@type":"WebSite","@id":"https:\/\/dlb-aoer.de\/dreieich\/#website","url":"https:\/\/dlb-aoer.de\/dreieich\/","name":"DLB Dreieich","description":"","publisher":{"@id":"https:\/\/dlb-aoer.de\/dreieich\/#organization"},"potentialAction":[{"@type":"SearchAction","target":{"@type":"EntryPoint","urlTemplate":"https:\/\/dlb-aoer.de\/dreieich\/?s={search_term_string}"},"query-input":"required name=search_term_string"}],"inLanguage":"de"},{"@type":"Organization","@id":"https:\/\/dlb-aoer.de\/dreieich\/#organization","name":"Dienstleistungsbetrieb Dreieich und Neu-Isenburg A\u00f6R","url":"https:\/\/dlb-aoer.de\/dreieich\/","logo":{"@type":"ImageObject","inLanguage":"de","@id":"https:\/\/dlb-aoer.de\/dreieich\/#\/schema\/logo\/image\/","url":"https:\/\/dlb-aoer.de\/dreieich\/wp-content\/uploads\/sites\/4\/2019\/10\/DLB_Logo_orange.svg","contentUrl":"https:\/\/dlb-aoer.de\/dreieich\/wp-content\/uploads\/sites\/4\/2019\/10\/DLB_Logo_orange.svg","width":1,"height":1,"caption":"Dienstleistungsbetrieb Dreieich und Neu-Isenburg A\u00f6R"},"image":{"@id":"https:\/\/dlb-aoer.de\/dreieich\/#\/schema\/logo\/image\/"}}]}},"_links":{"self":[{"href":"https:\/\/dlb-aoer.de\/dreieich\/wp-json\/wp\/v2\/pages\/337","targetHints":{"allow":["GET"]}}],"collection":[{"href":"https:\/\/dlb-aoer.de\/dreieich\/wp-json\/wp\/v2\/pages"}],"about":[{"href":"https:\/\/dlb-aoer.de\/dreieich\/wp-json\/wp\/v2\/types\/page"}],"author":[{"embeddable":true,"href":"https:\/\/dlb-aoer.de\/dreieich\/wp-json\/wp\/v2\/users\/2"}],"replies":[{"embeddable":true,"href":"https:\/\/dlb-aoer.de\/dreieich\/wp-json\/wp\/v2\/comments?post=337"}],"version-history":[{"count":10,"href":"https:\/\/dlb-aoer.de\/dreieich\/wp-json\/wp\/v2\/pages\/337\/revisions"}],"predecessor-version":[{"id":2940,"href":"https:\/\/dlb-aoer.de\/dreieich\/wp-json\/wp\/v2\/pages\/337\/revisions\/2940"}],"up":[{"embeddable":true,"href":"https:\/\/dlb-aoer.de\/dreieich\/wp-json\/wp\/v2\/pages\/21"}],"wp:featuredmedia":[{"embeddable":true,"href":"https:\/\/dlb-aoer.de\/dreieich\/wp-json\/wp\/v2\/media\/2941"}],"wp:attachment":[{"href":"https:\/\/dlb-aoer.de\/dreieich\/wp-json\/wp\/v2\/media?parent=337"}],"curies":[{"name":"wp","href":"https:\/\/api.w.org\/{rel}","templated":true}]}}